7)/(-2) - (45/10 - 5) a prime number?
True
Let t(y) = -5*y**3 - 9*y**2 - 3*y + 7. Let i be t(7). Let g = i + 3531. Is g composite?
False
Suppose v - 17*z - 44 = -16*z, 5*v - 4*z - 221 = 0. Suppose -v*r + 25053 = -24*r. Is r prime?
True
Suppose 5*l = -2*v - 0*v - 12, 0 = 4*v + 4. Suppose -4*f = -2*m - 8826, -2*f - f + 6606 = 3*m. Is ((-2)/(-8) + f/(-28))*l a prime number?
True
Suppose -510610 = -3*w - 5*y, 170175 = -55*w + 56*w - 4*y. Is w a composite number?
True
Let u(s) = s**2 + 14*s - 69. Let l be u(-18). Suppose 0 = 2*r - 4*c - 1038, -r + 2*r = l*c + 521. Is r a prime number?
False
Let w be -2 + (1/1 + 0)*2. Let t(v) = 11*v + 6. Let j be t(w). Suppose -16*y + 14650 = -j*y. Is y a composite number?
True
Let r(y) = 5*y + 4*y**2 - 16 + 42*y**3 + 5 - 5*y. Is r(3) composite?
True
Suppose -2*d - 66 = -z + 5199, -2 = d. Is z a composite number?
False
Suppose 6*b - 43*b + 216767 = -20*b. Is b a composite number?
True
Let m = 336633 - 99938. Is m prime?
False
Let q(j) = 46855*j**2 - 398*j - 1571. Is q(-4) a composite number?
False
Let h(v) = 3*v**2 + 47*v - 57. Is h(41) a composite number?
True
Let z(h) be the third derivative of -15*h**2 + 0*h - 1/6*h**3 + 0 - 13/4*h**4. Is z(-1) prime?
False
Let h(y) be the second derivative of -899*y**3/3 + y**2 + 23*y. Let l be h(-3). Is l/12 - (-2)/(-3) prime?
True
Suppose -m - 128 = -2*s - 530, -3*m - 5*s + 1162 = 0. Suppose 5*v - 3*u = -u + 2035, 0 = -v + 3*u + m. Is v composite?
False
Let l be 2/4 - -2 - 2103/(-6). Let a = 4492 - l. Is a a composite number?
False
Suppose -7*h + 8 + 48 = 0. Let p(f) = 3*f + 10*f - 4 - f - 9 + 20*f**2. Is p(h) composite?
True
Let v(j) = -9*j**2 + 92*j - 25. Let q be v(10). Is (q/(-3))/((-80)/(-86448)) a prime number?
True
Let c(b) = -805*b - 4. Let d = -104 - -101. Is c(d) a composite number?
False
Let v(c) = 311*c - 22. Let w be v(5). Suppose -4*y + 19 = -1, w = 4*q + y. Is q a prime number?
False
Let c(o) be the first derivative of -o**2/2 + 3*o - 8. Let b be c(9). Is (-4)/(-6)*(-954)/b composite?
True
Suppose a + 34*a - 89394 = 604621. Is a composite?
True
Let c be 9033 + (-2 - -4) - (2 + 1). Suppose -2*z + 2*u = 5*u - c, -2*z - 4*u + 9028 = 0. Suppose 5*j - z = 4983. Is j a prime number?
True
Let j be (18/15)/(3*4/60). Suppose -4*l + 2 = -j. Suppose -7567 = -l*w + 1435. Is w a composite number?
True
Let o = -1159 - -1703. Let b = 545 - 545. Is (o - b) + 1 - (-4)/(-1) prime?
True
Let a = -747309 - -1330238. Is a composite?
True
Suppose 173*l = 88*l + 15748630. Is l a prime number?
False
Suppose -193*w = -20*w + 33*w - 30427642. Is w composite?
True
Let n(i) = 3707*i**2 - 152*i - 587. Is n(-4) a composite number?
False
Is 179 + 2078610 + 9*(2 - 12/9) composite?
True
Suppose -11*t + 16 = -7*t. Let o = t + -4. Suppose 3*p - 97 = -o*p - 5*z, 20 = -5*z. Is p a prime number?
False
Let l = -481 - -481. Suppose -2*g + 2381 = -q, l = -4*g - 4*q + 1140 + 3652. Is g a prime number?
True
Let g(v) be the third derivative of v**4/3 - v**3/3 + 22*v**2. Let f be g(12). Suppose -91*i - 2181 = -f*i. Is i a composite number?
False
Let l be 4/(1/(-5) + 16/30). Is -6 + l - (-4 + -1141) composite?
False
Suppose 4*h = 5*v - 7246857, -39*h - 7246913 = -5*v - 43*h. Is v a composite number?
True
Suppose 0 = -u - a + 73170, 111*a - 114*a + 3 = 0. Is u a prime number?
False
Let y = -32724 + 57857. Is y composite?
True
Let i(g) = g**3 - 14*g**2 - 29*g - 48. Let z be i(18). Let h = z - -2683. Is h composite?
True
Let r(a) = a**2 - 11*a - 34. Let g be r(14). Suppose 5*q = g + 7. Suppose 78 + 15 = q*n. Is n composite?
False
Is ((-400524)/(-24)*2)/(9/9) a prime number?
True
Suppose 0 = 6*d + 53 - 17. Is (-3245)/d - 23/(-138) prime?
True
Is 8/(-18) - (-147351342)/918 prime?
False
Let l(a) = -2*a**3 + 38*a**2 + 1. Let r be l(19). Is 9174/24 - (r + 3/(-4)) a composite number?
True
Suppose -2*y + 2*a + 14 = a, 2*y - 2*a = 18. Let d be 12/8 - 15/(-6). Suppose b - 1161 = y*x, d*b - 2815 = -2*x + 1741. Is b a prime number?
False
Is (-828)/(-92) + 74560 + 0 a prime number?
False
Suppose -4*r + 51 = -4*i - 1, r = 3*i + 13. Suppose 9*d - r*d = -24. Suppose d*z + 2*f - 3769 = 3*z, -3*f = -5*z + 6307. Is z a prime number?
True
Suppose 3*d + 2 = 4*l + 6, -4*d + 14 = -l. Suppose -l = -w, 4*r - w - 34407 + 7117 = 0. Is r composite?
False
Suppose 2*t + 50 = 12*t. Suppose 12*n - 98 = t*n. Is n a composite number?
True
Is 4/(-24)*-10 - ((-18879146)/33 + 0) a composite number?
True
Is ((-462)/28)/((-11)/(-6733826))*2/(-6) prime?
False
Suppose 0 = 2*r - h - 55583, r - 29*h + 34*h - 27786 = 0. Is r prime?
True
Is 1420602/62 - (-212)/3286 composite?
True
Let q(p) = 1843*p**2 + 114*p - 401. Is q(4) prime?
False
Let o(s) = 8*s**2 + 8*s + 5. Let q be o(6). Suppose 354 = 3*f - 3*n, -q = -5*f - n + 267. Suppose 152 + f = 3*t. Is t a composite number?
True
Let k = -12020 + 74677. Is k a prime number?
False
Let i(j) = 7*j + 19. Let h be i(-3). Is (-275 - (-2 + 4))/(h/4) prime?
False
Let u = -2289 + 1248. Suppose -2*l + l + 1664 = 0. Let c = u + l. Is c a composite number?
True
Let b be (-18650)/(-15)*-1*(-18)/15. Suppose -4*l = -b - 72. Is l a prime number?
False
Suppose -718*c = -389944544 - 265893170. Is c composite?
True
Let w = -61 - -81. Suppose 3*p = -6*m + 2*m + 4837, -w = 4*p. Is m a prime number?
True
Let q = 185587 + -4680. Is q a prime number?
True
Let o = 6304 + -1977. Is o a composite number?
False
Let d = 57 + -52. Let u = 1268 + d. Is (-3)/(-4 - u/(-319)) a prime number?
False
Let p = 22904 + -15942. Suppose 32*a - 30*a = p. Is a a prime number?
False
Let p(s) = 3*s + 4. Let w be p(2). Let d be 81/(-45) + (-2)/w. Is ((-1)/3)/(d/8238) prime?
True
Let a(g) = -2*g. Let j be a(-8). Let l = 60 - j. Suppose 5*p = -15, 4*d - l - 42 = -2*p. Is d prime?
True
Let h(a) = 8*a + 47. Let s be h(-6). Let j be (-5 + 1356/18)*(2 - s). Is j/3*(-147)/(-8 - -1) composite?
True
Suppose 0 = -3*z - 3*p + 2342031, -4*z = -2*p - 647550 - 2475170. Is z a composite number?
False
Let p(v) = 10550*v + 7. Let f be p(5). Suppose -25*x + 76118 = -f. Is x a prime number?
False
Let p(v) = 1150*v**2 + 1. Let w(s) be the second derivative of s**3/2 - 29*s**2/2 + 4*s. Let a be w(10). Is p(a) a composite number?
False
Let m(o) = -2*o**2 + 50*o - 21. Let y = 69 + -64. Suppose 4*i + 39 = 2*s - s, -2*i = -y*s + 123. Is m(s) prime?
True
Let k(n) = -n**2 + 15*n - 56. Let r be k(8). Suppose r*o = 2*o - 23918. Is o a prime number?
True
Suppose -16*j = -91 - 133. Is (-4)/j + 7/((-882)/(-1600614)) prime?
True
Let o = -188468 + 271779. Is o a composite number?
False
Let t = -10093 - -36320. Is t a prime number?
True
Suppose 15*y - 1030585 - 508815 = 1945145. Is y prime?
True
Suppose -3 = -4*b - 3*l, 28*b - 4*l + 4 = 23*b. Is (3 + b)/(99/214599) a prime number?
False
Let r be 3*-9*((-4)/(-6) - 1). Let a(l) = 1 + l**2 + 16 - 6*l + 11 - r. Is a(14) a composite number?
False
Let l(c) be the third derivative of 367*c**4/8 - c**3/2 - 12*c**2. Let z be l(3). Suppose 0 = 8*u + 268 - z. Is u composite?
False
Suppose 4 = 4*y, 4*l + 166 - 3325 = -3*y. Let o = l - 700. Is o a prime number?
True
Let a be -6248 - ((-3 - 4) + 0). Let q = -212 - a. Is q a composite number?
False
Let m(h) = 31*h**2 + 43*h + 233. Is m(28) a prime number?
True
Suppose -5*g - c = 6 + 3, 4*g = 4*c + 12. Is ((-5)/g + -4)*749 a composite number?
True
Let q = -3 + 13. Suppose 0 = 5*c - q - 0. Suppose -53 = c*b - 3*b. Is b a prime number?
True
Suppose -45*g - 4*c + 437043 = -40*g, -174820 = -2*g - 2*c. Is g a composite number?
False
Let d(q) = 133*q**2 + 9*q - 118. Let f(h) = -265*h**2 - 16*h + 235. Let r(p) = 13*d(p) + 6*f(p). Is r(6) a prime number?
False
Suppose 6*i - 13*c - 7254 = -10*c, 2*i = 3*c + 2418. Let o = -806 - -1162. Let g = i - o. Is g a prime number?
True
Is (4 - -7) + 588693 + -1 a composite number?
False
Suppose 4*o + 125 = -2*s + 5*s, 3*s + 85 = -2*o. Is (165/o - -5)*7763 composite?
True
Let p(z) = 0 + 586*z + 13 - 585*z. Let b be p(-11). Suppose -d - r = 2*d - 1349, -5*d - b*r = -2247. Is d a prime number?
False
Let j = -74 + 78. Is (-20)/(-5) - 138*(-166)/j a prime number?
False
Let f(x) = -2*x + 42. Let s be f(21). Let h be s - (4 - 7030) - -4. Suppose -h = -5*a - 3*l, -l - 4237 = -3*a + l. Is a a prime number?
True
Suppose 0 = 23*i - 44*i - 32*i + 54545003. Is i a composite numbe